of 418 and 220?
22
Calculate the greatest common divisor of 138 and 506.
46
Calculate the highest common divisor of 84 and 6204.
12
What is the greatest common factor of 17 and 11?
1
What is the greatest common factor of 145 and 58?
29
Calculate the highest common divisor of 4371 and 62.
31
Calculate the highest common factor of 2079 and 9.
9
What is the highest common divisor of 176 and 160?
16
What is the greatest common divisor of 36 and 9?
9
Calculate the highest common factor of 1 and 107.
1
What is the greatest common divisor of 28672 and 56?
56
Calculate the greatest common divisor of 92 and 8.
4
What is the highest common factor of 41 and 82?
41
What is the highest common factor of 368 and 144?
16
Calculate the highest common divisor of 2 and 24.
2
Calculate the greatest common factor of 7294 and 14.
14
Calculate the greatest common divisor of 28 and 1246.
14
Calculate the highest common divisor of 904 and 8.
8
Calculate the greatest common factor of 1674 and 124.
62
What is the greatest common factor of 1216 and 9424?
304
Calculate the greatest common factor of 84 and 948.
12
Calculate the greatest common divisor of 35 and 182.
7
What is the highest common factor of 3 and 298?
1
What is the greatest common factor of 549 and 279?
9
What is the greatest common divisor of 441 and 42?
21
What is the greatest common factor of 16 and 712?
8
Calculate the highest common divisor of 6303 and 33.
33
What is the greatest common divisor of 32 and 2464?
32
Calculate the greatest common factor of 524 and 68.
4
Calculate the greatest common divisor of 845 and 5.
5
What is the greatest common divisor of 33 and 539?
11
What is the greatest common divisor of 10 and 118?
2
Calculate the highest common factor of 88 and 88.
88
What is the greatest common divisor of 364 and 56?
28
What is the highest common factor of 8536 and 396?
44
What is the greatest common factor of 9 and 162?
9
Calculate the greatest common divisor of 36 and 13788.
36
What is the greatest common factor of 407 and 259?
37
Calculate the highest common divisor of 765 and 90.
45
Calculate the greatest common divisor of 1932 and 84.
84
What is the highest common divisor of 792 and 2541?
33
What is the highest common divisor of 42 and 294?
42
What is the highest common factor of 247 and 24947?
247
What is the highest common divisor of 15 and 435?
15
What is the greatest common factor of 928 and 224?
32
What is the greatest common divisor of 1043 and 7?
7
Calculate the highest common divisor of 19 and 1273.
19
Calculate the greatest common factor of 60 and 195.
15
Calculate the greatest common divisor of 170 and 204.
34
What is the highest common factor of 207 and 9?
9
What is the greatest common divisor of 92 and 2484?
92
Calculate the greatest common factor of 178 and 4806.
178
Calculate the highest common factor of 75 and 1675.
25
Calculate the greatest common divisor of 9 and 477.
9
What is the highest common factor of 18 and 1611?
9
What is the greatest common divisor of 38 and 1862?
38
Calculate the highest common divisor of 27 and 9.
9
Calculate the highest common divisor of 1270 and 20.
10
What is the highest common divisor of 341 and 33?
11
What is the highest common divisor of 62 and 496?
62
Calculate the greatest common divisor of 182 and 546.
182
What is the highest common divisor of 217 and 21?
7
What is the greatest common factor of 24 and 296?
8
What is the greatest common divisor of 440 and 605?
55
What is the highest common divisor of 3097 and 1304?
163
What is the highest common divisor of 377 and 145?
29
Calculate the greatest common divisor of 44 and 176.
44
What is the highest common factor of 10 and 8?
2
What is the greatest common factor of 66 and 121?
11
Calculate the greatest common factor of 29 and 29.
29
What is the highest common divisor of 24901 and 74?
37
Calculate the highest common divisor of 676 and 4.
4
What is the highest common factor of 352 and 88?
88
Calculate the highest common factor of 98 and 77.
7
Calculate the greatest common divisor of 144 and 2232.
72
What is the greatest common divisor of 243 and 4374?
243
What is the greatest common divisor of 98 and 266?
14
What is the greatest common factor of 30 and 342?
6
Calculate the highest common divisor of 36 and 52.
4
Calculate the highest common factor of 66 and 16.
2
What is the highest common divisor of 1533 and 21?
21
Calculate the highest common factor of 560 and 1260.
140
Calculate the highest common factor of 95 and 6935.
95
Calculate the greatest common factor of 4009 and 38.
19
What is the highest common divisor of 18613 and 21?
7
What is the highest common divisor of 52 and 13?
13
Calculate the highest common divisor of 21 and 9051.
21
Calculate the greatest common divisor of 222 and 42.
6
What is the highest common factor of 952 and 16?
8
What is the greatest common factor of 13010 and 10?
10
What is the greatest common divisor of 150 and 1250?
50
Calculate the highest common factor of 78 and 5122.
26
What is the highest common factor of 58 and 102?
2
What is the highest common factor of 204 and 48?
12
Calculate the greatest common factor of 16 and 50.
2
What is the highest common factor of 35 and 14?
7
What is the greatest common factor of 2808 and 1908?
36
Calculate the highest common factor of 58 and 522.
58
Calculate the highest common divisor of 90 and 630.
90
What is the greatest common divisor of 7189 and 13?
13
Calculate the highest common divisor of 26 and 9867.
13
What is the greatest common divisor of 270 and 20?
10
Calculate the highest common divisor of 180 and 108.
36
Calculate the highest common divisor of 346 and 10553.
173
Calculate the greatest common divisor of 36 and 24.
12
Calculate the greatest common divisor of 340 and 272.
68
Calculate the greatest common divisor of 10466 and 2.
2
What is the highest common factor of 77 and 154?
77
Calculate the highest common factor of 1221 and 66.
33
What is the highest common divisor of 21 and 91?
7
What is the highest common divisor of 302 and 61004?
302
Calculate the highest common factor of 8740 and 184.
92
What is the highest common factor of 82 and 8446?
82
What is the greatest common divisor of 19 and 11723?
19
Calculate the highest common divisor of 735 and 14.
7
What is the greatest common factor of 4254 and 6?
6
Calculate the highest common divisor of 32 and 4432.
16
Calculate the greatest common divisor of 52 and 12.
4
What is the highest common factor of 4 and 194?
2
Calculate the highest common divisor of 259 and 28.
7
Calculate the highest common divisor of 20 and 76.
4
Calculate the highest common factor of 253 and 69.
23
What is the highest common divisor of 108 and 60?
12
What is the greatest common factor of 35 and 80?
5
What is the highest common divisor of 336 and 60?
12
What is the highest common factor of 3 and 23?
1
What is the highest common divisor of 630 and 90?
90
Calculate the greatest common factor of 1078 and 44.
22
Calculate the greatest common factor of 3614 and 26.
26
Calculate the greatest common divisor of 85 and 527.
17
Calculate the greatest common factor of 12 and 744.
12
Calculate the greatest common divisor of 208 and 13910.
26
Calculate the highest common factor of 7008 and 96.
96
Calculate the highest common factor of 10 and 5.
5
What is the greatest common factor of 60 and 1530?
30
What is the highest common divisor of 3990 and 70?
70
Calculate the highest common divisor of 56 and 56.
56
Calculate the highest common divisor of 376 and 2538.
94
Calculate the greatest common factor of 2050 and 246.
82
What is the greatest common divisor of 17940 and 20?
20
What is the highest common factor of 60 and 24?
12
What is the greatest common divisor of 78606 and 397?
397
Calculate the highest common factor of 102 and 10506.
102
Calculate the highest common divisor of 192 and 156.
12
What is the highest common factor of 156 and 48?
12
Calculate the greatest common factor of 1376 and 256.
32
Calculate the highest common factor of 26071 and 62.
31
What is the highest common divisor of 703 and 19?
19
What is the highest common factor of 164 and 1066?
82
Calculate the highest common divisor of 524 and 4.
4
Calculate the greatest common factor of 1341 and 9.
9
What is the highest common factor of 312